(o) = -o**3 - 4*o**2 + 5*o - 2. Let b be v(-5). What is the remainder when (-4 - -37) + b/2 is divided by f(-5)?
10
Let h = -86 - -92. Let x = 13 + h. Calculate the remainder when 72 is divided by x.
15
Suppose g = 3*b + 44, 0 = -4*g + 76*b - 81*b + 125. What is the remainder when 241 is divided by g?
31
Let s(d) = d**2 - d + 1. Let m = 64 - 57. Calculate the remainder when (1 + (-3)/(-2))/(m/112) is divided by s(-4).
19
Let k = -72 + 18. Let u = -46 - k. Calculate the remainder when 69 is divided by u.
5
Let h(p) = 21*p**2 + 3. Let q be h(1). Suppose -19*f - 475 = -q*f. Calculate the remainder when f is divided by 11.
7
Let g(v) = -26*v + 5. Suppose 0 = 6*q + 5 + 13. What is the remainder when g(q) is divided by 21?
20
Suppose -3*w - 362 = -2*b, -5*w + 0*w - 542 = -3*b. Calculate the remainder when b is divided by 59.
7
Suppose -284 = -2*u - 5*d, -d = 4*u - 6*d - 598. Calculate the remainder when u is divided by 44.
15
Suppose -9*q + 270 = 21*q. Calculate the remainder when q is divided by 4.
1
Let d be (-33)/(-5) - 57/95. Suppose -3*n = -d*n + 33. What is the remainder when n is divided by 3?
2
Suppose -41 = -2*n + 53. Let l = -32 + n. Let i = -131 + 190. What is the remainder when i is divided by l?
14
Suppose 201*z = z + 1000. What is the remainder when ((-23)/(-1))/(1/1) is divided by z?
3
Let l(k) = 3*k**2 + 5*k - 4. Suppose -5*i + 557 = -n, 11*i + 2*n - 566 = 6*i. Calculate the remainder when i is divided by l(3).
36
Let s = 14 + -1. Let u(t) = -t**2 - 17*t + 84. What is the remainder when u(-19) is divided by s?
7
What is the remainder when (-14 - (-520)/(-25))/((-1)/5) is divided by 35?
34
Suppose -a - 4*f - 6 = 0, 2*f = 3*a + 4*f - 12. Calculate the remainder when 15 is divided by a.
3
Let t(o) = 2*o**2 - 6*o - 4. Let w be t(5). Suppose f - 2*q + 0*q = 2, -4*q - w = 0. Let c = f + 13. What is the remainder when c is divided by 2?
1
What is the remainder when 149 is divided by (-5)/(-1)*(-361)/1140*-12?
16
Suppose 0 = -5*g - 2*g + 21. Suppose -g*i + 51 = -k, 4*k + 9 = i + k. What is the remainder when 51 is divided by i?
15
Let n(l) = -l + 9. Suppose c + 3*k + 4 = 0, -12 = -2*c + 2*k + 4. What is the remainder when n(0) is divided by c?
4
Let x(c) = -c**2 - 14*c - 15. Let r = -15 - -4. What is the remainder when 87 is divided by x(r)?
15
Suppose 10*c - 12*c + 10 = 0, -4*x + 56 = 4*c. What is the remainder when 33 is divided by x?
6
Let h(s) = -5 + 3*s**2 + s + 4*s**2 + 7 + s**3. What is the remainder when h(-5) is divided by 24?
23
What is the remainder when 181 is divided by (-18935)/(-210) - (-5)/6?
90
Let h = 47 + -45. Suppose h*c = 7*c - 50. Calculate the remainder when 18 is divided by c.
8
Suppose 3*l - 1 = n, 3 = n + 5*l + 4. Suppose -5 = -2*d - 5*m + 12, -m = 5*d - 77. Calculate the remainder when 2 + -6 - 50/n is divided by d.
14
Let r(c) = -27*c - 125. What is the remainder when 88 is divided by r(-5)?
8
Calculate the remainder when 78 is divided by (-7)/(-91) + 464/52.
6
Let w(u) = -3*u**2 + 45*u - 24. Calculate the remainder when 501 is divided by w(14).
15
Let n(c) = -c**2 - c - 6. Suppose 5*u + 3*g = -3, -g + 3 = -4*g. Let f be n(u). Calculate the remainder when 16 is divided by f - -3 - -3*4.
7
Suppose -3*r + 9 = 0, -d + 108 = 3*d + 4*r. Let t = 27 - d. Suppose -t = y - 4*n, -6*n + 3*n = -y. What is the remainder when 15 is divided by y?
6
Calculate the remainder when 434/8*2 + 51/(-102) is divided by 41.
26
Calculate the remainder when (441/(-18))/((-2)/4*1) is divided by 26.
23
Suppose -5*n + 7 = -8. Suppose -2*m = -n*u + 24, u - 6 = -4*m + 2. Let g = 46 - 25. What is the remainder when g is divided by u?
5
Suppose 16 = 2*p - 12. Let k(g) = -g**2 - 11*g - 21. Let s be k(-10). Let v(c) = -6*c - 12. What is the remainder when v(s) is divided by p?
12
Suppose 0 = -0*t + 2*t - 5*p - 4, 5*p = 0. Calculate the remainder when 9 + (0 - t) - 0 is divided by ((-16)/(-6))/(2/3).
3
Let v(p) = 14*p**2 + 2*p. What is the remainder when v(-2) is divided by (3 - 21/6) + 38/4?
7
Let x(g) = 10*g - 131. Calculate the remainder when x(41) is divided by 20.
19
Suppose -n + 89 = n - 3*z, -4*n + 163 = -3*z. Calculate the remainder when n is divided by 11.
4
Suppose 93*i - 88*i = 955. What is the remainder when i is divided by 32?
31
Let s(z) = 5 - 6*z + 4 - 5 - z**3 - 6*z**2. What is the remainder when s(-5) is divided by 5?
4
Let a = 57 - 33. Suppose -2*p + a = -0*q + 4*q, 4*q - 38 = -3*p. Calculate the remainder when 26 is divided by p.
12
Let n(t) = -t**3 - t**2 - t + 7. Suppose b + 2 = -3*m, -4*b - 2*m + 10 = m. Suppose -49 = -b*i + 83. What is the remainder when i is divided by n(0)?
5
Suppose 3*h - 4*b - 7 + 27 = 0, -3*h + b - 5 = 0. Suppose h = u - 3*y - 12, -3*u + 2*y - y = -28. Let s = 42 - 38. What is the remainder when u is divided by s?
1
Suppose 3*o = x - 1, 8 - 2 = 2*o. Let y(r) = -r**2 + 9*r + 14. Let i(l) = l**3 - 5*l**2 + 6*l - 3. Calculate the remainder when i(4) is divided by y(x).
1
What is the remainder when 23 is divided by (-2 + 7*9/6)*2?
6
Calculate the remainder when (168/4 - -3)/1 is divided by 11.
1
What is the remainder when 1257 is divided by 2284/36 + (4 - 240/54)?
60
Let a(i) = 2*i**3 + 27*i**2 - 19*i - 49. Calculate the remainder when 111 is divided by a(-14).
6
Let s = -860 - -867. Calculate the remainder when 67 is divided by s.
4
Let f(m) = m**3 - 6*m**2 + m + 8. Let g be 1/(-2) - (-3)/6. Suppose 4*q - q - 18 = g. Calculate the remainder when 41 is divided by f(q).
13
Let w(a) = -a**2 - 9*a + 48. Calculate the remainder when 47 is divided by w(-12).
11
Let i = -18 + 21. Suppose 51 = 4*p + i*c, c + 10 = 3*c. What is the remainder when 35 is divided by p?
8
Let o(k) = 11*k - 23. Let d(y) = 5*y - 12. Let l(c) = -13*d(c) + 6*o(c). Calculate the remainder when 37 is divided by l(3).
16
Suppose 0 = -2*q - 2*s - 3*s + 21, -q + 3*s + 27 = 0. Suppose 0 = 3*w - 6*w + 189. What is the remainder when w is divided by q?
9
Let o(c) = -22*c + 450. Calculate the remainder when o(0) is divided by 65.
60
Suppose 4*y + 5 + 3 = 5*v, 3*v - 5*y + 3 = 0. Let d(b) = -b**2 - b - b**2 + 180 - 183 + b**3 - 3*b. What is the remainder when 50 is divided by d(v)?
11
Let d = -871 + 1109. Calculate the remainder when d is divided by 82.
74
Let h(s) = 2*s**3 + 38*s**2 + 38*s + 87. Calculate the remainder when h(-18) is divided by 18.
15
Suppose i = -3*g + 185, 3*i + 248 = 5*g + 803. Suppose -5*y - 170 = -3*a, 2*a - 2*y = -a + i. Calculate the remainder when a is divided by 18.
11
Suppose -29*y + 24 = -33*y. Let c(o) = -o**3 - 6*o**2 + o + 26. Calculate the remainder when 91 is divided by c(y).
11
Let d be (-1)/(2*(-3)/(-18)). Let o(j) = -3*j - 2. What is the remainder when (1 - 118/(-6)) + (-2)/3 is divided by o(d)?
6
Suppose 2*l + 9*l = 935. Suppose 5 - l = -5*h. What is the remainder when h is divided by 5?
1
Suppose 10 = 6*z - z. Suppose 5*c + z*p - 199 = 2, -5*p = c - 54. What is the remainder when c is divided by 21?
18
Suppose -134*t = -128*t - 18. Let q(p) = 14*p + 6. What is the remainder when q(t) is divided by 16?
0
Suppose 5*c - 5*b = 110, 2*c = -3*c + b + 122. Calculate the remainder when 67 is divided by c.
17
Let p be -4*((-6)/(-2) + -4). Let l(v) = 2*v**2 - 5*v - 3. Let f be l(p). Let m = 26 + f. Calculate the remainder when m is divided by 19.
16
Suppose -9*l = -1743 - 30. What is the remainder when l is divided by 21?
8
Suppose 4*w + 0*w - 484 = 0. Suppose -55*q + 57*q - 52 = -r, -8 = -4*r. What is the remainder when w is divided by q?
21
Let g(c) = 3*c**2 + 11*c - 16. What is the remainder when 99 is divided by g(-6)?
21
Let s = -2840 - -2864. Let p = -7 - -12. Let m(y) = 5*y**2 - 6*y - 1. What is the remainder when m(p) is divided by s?
22
Suppose -117 = -10*s + s. What is the remainder when 400 is divided by s?
10
Let c = -610 + 1078. What is the remainder when c is divided by 121?
105
Let r(m) = -m**3 + 15*m**2 + 3*m - 21. Calculate the remainder when 93 is divided by r(15).
21
Let r be -28*((-4)/(-56))/((-4)/(-144)). What is the remainder when 23 is divided by (-10)/(-4)*r/(-20)?
5
Let y = 322 + -286. Calculate the remainder when 119 is divided by y.
11
Suppose 3 - 78 = -3*p. Suppose -10*c + 93 - 3 = 0. What is the remainder when p is divided by c?
7
Suppose -5*k + 21 = 1. Suppose 0 = 3*d - 10 + k. What is the r